{"id":376,"date":"2025-09-29T19:48:45","date_gmt":"2025-09-29T19:48:45","guid":{"rendered":"https:\/\/tjaccoaxaca.gob.mx\/inicio\/?page_id=376"},"modified":"2025-11-10T16:15:20","modified_gmt":"2025-11-10T16:15:20","slug":"directorio","status":"publish","type":"page","link":"https:\/\/tjaccoaxaca.gob.mx\/inicio\/directorio\/","title":{"rendered":"Directorio interno"},"content":{"rendered":"\n<p>Comun\u00edcate con nosotros al tel\u00e9fono: <strong>951 684 07 63<\/strong><br><\/p>\n\n\n\n<figure class=\"wp-block-table is-style-stripes\"><table><tbody><tr><td><strong>Extensi\u00f3n<\/strong><\/td><td>Nombre<\/td><td><strong>\u00c1rea<\/strong><\/td><\/tr><tr><td>101<\/td><td>C.P. C\u00c9SAR RAMIREZ GONZ\u00c1LEZ<\/td><td>RECURSOS HUMANOS<\/td><\/tr><tr><td>\u2014-<\/td><td>MAGDO. MATEO MARTINEZ MART\u00cdNEZ<\/td><td><\/td><\/tr><tr><td>103<\/td><td>SECRETARIO PARTICULAR<\/td><td><\/td><\/tr><tr><td>104<\/td><td>SECRETARIA EJECUTIVA<\/td><td><\/td><\/tr><tr><td>105<\/td><td>LIC. DAVID ARMANDO GARCIA ORT\u00cdZ<\/td><td>SALA SUPERIOR<\/td><\/tr><tr><td>\u2014-<\/td><td>MAGDO. RAUL OSWALDO BERNAL FLORES<\/td><td><\/td><\/tr><tr><td>107<\/td><td>MTRA. KARLA MELISSA GONZALEZ AMADOR<\/td><td>SALA ESPECIALIZADA<\/td><\/tr><tr><td>108<\/td><td>LIC. JOS\u00c9 IGNACIO VARGAS CHANDOMID<\/td><td>DIRECCI\u00d3N JUR\u00cdDICA<\/td><\/tr><tr><td>109<\/td><td>MTRA. MITZI SELENE ROBLES<\/td><td>SALA SUPERIOR<\/td><\/tr><tr><td>110<\/td><td>LCDA.ESMERALDA DE LA LUZ<\/td><td>PRIMERA SALA UNITARIA<\/td><\/tr><tr><td>111<\/td><td>L.E. NANCY CALVO PERALTA<\/td><td>ENFERMER\u00cdA<\/td><\/tr><tr><td>112<\/td><td>AMPAROS<\/td><td>AMPAROS<\/td><\/tr><tr><td>114<\/td><td>ZACNITE DEL CARMEN S\u00c1CHEZ L\u00d3PEZ<\/td><td>SECRETAR\u00cdA GENERAL DE ACUERDOS<\/td><\/tr><tr><td>115<\/td><td>LIC. JOS\u00c9 DE JES\u00daS V\u00c1SQUEZ M\u00c9NDEZ<\/td><td>SALA SUPERIOR<\/td><\/tr><tr><td>116<\/td><td>C.P. ANTONIO ZARATE ACEBEDO<\/td><td>RECURSOS FINANCIEROS<\/td><\/tr><tr><td>117<\/td><td>MTRA. DANIELA GONZALEZ GUERRERO<\/td><td>ASESORES<\/td><\/tr><tr><td>118<\/td><td>LCDA ANGELES ADRIANA SANCHEZ SANTIAGO<\/td><td>\u00d3RGANO INTERNO DE CONTROL<\/td><\/tr><tr><td>119<\/td><td>OFICIALIA DE PARTES<\/td><td>OFICIALIA DE PARTES<\/td><\/tr><tr><td>120<\/td><td>LCDA. ALEJANDRA LAREDO EGUIA<\/td><td>ASESORES<\/td><\/tr><tr><td>121<\/td><td>C.P. ELSA RASGADO LOPEZ<\/td><td>RECURSOS MATERIALES<\/td><\/tr><tr><td>122<\/td><td>LIC. URIEL ADAHIR DIAZ<\/td><td>ASESORES<\/td><\/tr><tr><td>123<\/td><td>LIC. ARGEL RIOS<\/td><td>COMUNICACI\u00d3N SOCIAL<\/td><\/tr><tr><td>\u2014-<\/td><td>MAGDO. MANUEL DE JESUS LOPEZ<\/td><td><\/td><\/tr><tr><td>125<\/td><td>MARCOS JAIRO RAMIREZ GOMEZ<\/td><td>SECRETAR\u00cdA GENERAL DE ACUERDOS<\/td><\/tr><tr><td>127<\/td><td>MTRO. JONATHAN ALONSO SANTIAGO SANTOS<\/td><td>SALA SUPERIOR<\/td><\/tr><tr><td>128<\/td><td>LCDA. ITZEL VICTORIA CASTRO MALDONADO<\/td><td>SALA ESPECIALIZADA<\/td><\/tr><tr><td>129<\/td><td>ARCHIVO<\/td><td>ARCHIVO<\/td><\/tr><tr><td>130<\/td><td>LCDA. ESRI AGUILAR BARRANCO<\/td><td>SEGUNDA SALA UNITARIA<\/td><\/tr><tr><td>131<\/td><td>LCDA. LETICIA QUINTANA RUIZ<\/td><td>RECURSOS MATERIALES<\/td><\/tr><tr><td>133<\/td><td>IVAN CONCHA MARIN<\/td><td>INFORM\u00c1TICA<\/td><\/tr><tr><td>136<\/td><td>LCDA. FLOR DE NAZARIA PEREZ ANTONIO<\/td><td>RECURSOS FNANCIEROS<\/td><\/tr><tr><td>138<\/td><td>LIC. RAYMUNDO HECTOR GARCIA<\/td><td><\/td><\/tr><tr><td>143<\/td><td>LIC. NINETH JIM\u00c9NEZ MART\u00cdNEZ<\/td><td>DIRECCI\u00d3N JUR\u00cdDICA<\/td><\/tr><tr><td>201<\/td><td>M.AUD. MARICRUZ VEL\u00c1ZQUEZ S\u00c1NCHEZ<\/td><td>SECRETAR\u00cdA DE ADMINISTRACI\u00d3N Y FINANZAS<\/td><\/tr><tr><td>\u2014\u2013<\/td><td>MAGISTRADO JAVIER MART\u00cdN VILLANUEVA HERN\u00c1NDEZ<\/td><td><\/td><\/tr><tr><td>\u2014-<\/td><td>MAGDA. ANNELIESE DANAE ECHEVERRIA CLAVEL<\/td><td><\/td><\/tr><tr><td>204<\/td><td>MTRA. LIZBETH JESSICA GALLARDO MART\u00cdNEZ <\/td><td>SECRETAR\u00cdA GENERAL<\/td><\/tr><tr><td>\u2014-<\/td><td>MAGDA CRUZ ITZEL ESPINOSA ROJAS<\/td><td><\/td><\/tr><tr><td>\u2014-<\/td><td>MAGDA. AMPARO ARIAS RIVAS<\/td><td><\/td><\/tr><tr><td>208<\/td><td>LCDA. GLADYS RAQUEL CRUZ HERN\u00c1NDEZ<\/td><td>SALA ESPECIALIZADA<\/td><\/tr><tr><td>210<\/td><td>LCDA. ADRIANA ARCEGA ORDO\u00d1EZ<\/td><td>SALA UNITARIA<\/td><\/tr><tr><td>211<\/td><td>LIC. VLADIMIR QUIROZ HERN\u00c1NDEZ<\/td><td>\u00d3RGANO INTERNO DE CONTROL<\/td><\/tr><tr><td>212<\/td><td>LIC. CESAR MANUEL GONZALEZ ECHEVERRIA<\/td><td>SEGUNDA SALA UNITARIA<\/td><\/tr><tr><td>213<\/td><td>ACTUARIO 1<\/td><td>ACTUARIOS<\/td><\/tr><tr><td>214<\/td><td>ANGELES ORT\u00cdZ VALENT\u00cdN<\/td><td>SEGUNDA SALA UNITARIA<\/td><\/tr><tr><td>215<\/td><td>ACTUARIOS 2<\/td><td>ACTUARIOS<\/td><\/tr><tr><td>216<\/td><td>LCDA. MARISSA IGNACIO VALENCIA<\/td><td>PRIMERA SALA UNITARIA<\/td><\/tr><tr><td>218<\/td><td>YAMILETH ESQUIPULAS HERN\u00c1DEZ<\/td><td>SALA ESPECIALIZADA<\/td><\/tr><tr><td>220<\/td><td>LCDA. PAULA BENITEZ CRUZ<\/td><td>PRIMERA SALA UNITARIA<\/td><\/tr><tr><td>222<\/td><td>L.A. JOS\u00c9 ANTONIO CHAVEZ SARABIA<\/td><td>DIRECCI\u00d3N DEL FONDO <\/td><\/tr><tr><td>224<\/td><td>RECEPCI\u00d3N<\/td><td>RECEPCI\u00d3N<\/td><\/tr><tr><td>225<\/td><td>ALBA BREVA\u00d1A REYES CANCECO<\/td><td>UNIDAD DE TRANSPARENCIA<\/td><\/tr><tr><td>230<\/td><td>LIC. IVETT JIM\u00c9NEZ L\u00d3PEZ<\/td><td>SALA ESPECIALIZADA<\/td><\/tr><\/tbody><\/table><\/figure>\n","protected":false},"excerpt":{"rendered":"<p>Comun\u00edcate con nosotros al tel\u00e9fono: 951 684 07 63 Extensi\u00f3n Nombre \u00c1rea 101 C.P. C\u00c9SAR RAMIREZ GONZ\u00c1LEZ RECURSOS HUMANOS \u2014- MAGDO. MATEO MARTINEZ MART\u00cdNEZ 103 SECRETARIO PARTICULAR 104 SECRETARIA EJECUTIVA 105 LIC. DAVID ARMANDO GARCIA ORT\u00cdZ SALA SUPERIOR \u2014- MAGDO. RAUL OSWALDO BERNAL FLORES 107 MTRA. KARLA MELISSA GONZALEZ AMADOR SALA ESPECIALIZADA 108 LIC. JOS\u00c9 IGNACIO VARGAS CHANDOMID DIRECCI\u00d3N JUR\u00cdDICA [&hellip;]<\/p>\n","protected":false},"author":2,"featured_media":0,"parent":0,"menu_order":0,"comment_status":"closed","ping_status":"closed","template":"","meta":{"footnotes":""},"_links":{"self":[{"href":"https:\/\/tjaccoaxaca.gob.mx\/inicio\/wp-json\/wp\/v2\/pages\/376"}],"collection":[{"href":"https:\/\/tjaccoaxaca.gob.mx\/inicio\/wp-json\/wp\/v2\/pages"}],"about":[{"href":"https:\/\/tjaccoaxaca.gob.mx\/inicio\/wp-json\/wp\/v2\/types\/page"}],"author":[{"embeddable":true,"href":"https:\/\/tjaccoaxaca.gob.mx\/inicio\/wp-json\/wp\/v2\/users\/2"}],"replies":[{"embeddable":true,"href":"https:\/\/tjaccoaxaca.gob.mx\/inicio\/wp-json\/wp\/v2\/comments?post=376"}],"version-history":[{"count":10,"href":"https:\/\/tjaccoaxaca.gob.mx\/inicio\/wp-json\/wp\/v2\/pages\/376\/revisions"}],"predecessor-version":[{"id":858,"href":"https:\/\/tjaccoaxaca.gob.mx\/inicio\/wp-json\/wp\/v2\/pages\/376\/revisions\/858"}],"wp:attachment":[{"href":"https:\/\/tjaccoaxaca.gob.mx\/inicio\/wp-json\/wp\/v2\/media?parent=376"}],"curies":[{"name":"wp","href":"https:\/\/api.w.org\/{rel}","templated":true}]}}